t p be (0 - 0) + -1*m. What is the units digit of w(p)?
3
Suppose 0 = -h + 3*h + 58. Let q = h + 49. Let n = -8 + q. What is the tens digit of n?
1
Suppose q - 6*q = -25. Suppose q*s - 7 = 4*s. What is the units digit of s?
7
Let q = 10 + -8. Suppose 112 = 4*i - 2*u - 2*u, 4*u = q*i - 66. Let w = i - 10. What is the units digit of w?
3
Let x(r) = -8*r - 36. What is the tens digit of x(-8)?
2
Suppose -3*j + j = -z + 140, -4*z + 3*j = -560. What is the hundreds digit of z?
1
Suppose 3*v + 9 = 0, 3*y + 52 = -y - 4*v. Suppose -136 = 5*p - 46. Let z = y - p. What is the units digit of z?
8
Let t(a) be the second derivative of -a - 9/2*a**2 + 1/3*a**3 + 0. What is the tens digit of t(10)?
1
Let y = 2 - -2. Suppose 0*g - 52 = -y*g. What is the tens digit of g?
1
Suppose -3 - 4 = -d. Suppose -2*b + 1 - d = 0. What is the units digit of -6*(3/2 + b)?
9
Let n = 7 - -4. Let v = n + 9. What is the units digit of ((-8)/v)/((-1)/10)?
4
Let b(d) = -5*d**2 - 2*d + 1. Let c be b(1). Let u be 10/c*(-9)/3. Suppose -3*v + 25 = u*n - 7, 0 = 2*v - 5*n - 13. What is the units digit of v?
9
Let n(b) = b**3 - 5*b**2 + 4*b - 12. What is the tens digit of n(6)?
4
Let z(k) = -3*k**3 - 3*k**2 - 8*k - 11. Let w(t) = 2*t**3 + 3*t**2 + 7*t + 10. Let x(o) = -4*w(o) - 3*z(o). What is the tens digit of x(5)?
2
Suppose 0 = -9*p + 4*p + 25. Suppose 3*f + 0 = p*n + 9, 0 = -4*n. Suppose -18 = -0*b - f*b. What is the units digit of b?
6
Let a = 82 - 16. What is the units digit of a?
6
Let j = 308 + -217. What is the tens digit of j?
9
Let v(p) = p - 6. Suppose 0 = 5*i - 39 - 1. Let t be v(i). Let n = 5 + t. What is the units digit of n?
7
Let u(m) = 3*m - 2*m - 2 + 5*m**2 + 1 + 0*m. What is the units digit of u(1)?
5
Let a(f) = -f**2 - 5*f + 2. Let n(p) = p**3 - 5*p**2 - p + 1. Let g = 11 + -6. Let y be n(g). What is the units digit of a(y)?
6
Let s be (-615)/(-9) + (-2)/(-3). Let i = s + -38. What is the units digit of i?
1
Suppose 0 = 2*f - 4*l, f - 11 = -3*f - 3*l. Suppose -f*a + 6*a = 32. What is the units digit of a?
8
Let d(z) = -z**3 + 4*z**2 + 5. Let v be d(4). Suppose 0 = -5*q - 5*l - 50, 4*q - l + 8 = 2*q. What is the units digit of (1 + q)*(4 - v)?
5
Suppose d + 125 = 4*j, d + 0*d = 3*j - 93. What is the tens digit of j?
3
Suppose 14 = 2*j + 5*w, 18 = 4*j - 0*j + 5*w. Suppose j*h + 8 = 3*h. What is the units digit of h?
8
Let p(x) be the third derivative of x**6/120 + x**5/10 - x**4/3 + 5*x**3/6 - 2*x**2. Let d be p(-7). What is the units digit of (d/15)/(4/10)?
2
Let j(o) = o**3 + 4*o**2 - 4*o. Let s be j(-5). Let n = 3 - s. Suppose 0 = -d - 3*d + n. What is the units digit of d?
2
Suppose 10 = 2*p, 0 = 5*b - p - 133 - 302. What is the tens digit of b?
8
Suppose -3*n + 4 = -n. Let l be (32/6)/((-8)/(-132)). Suppose 4*c - 4*g = 64, n*c - l = -3*c + 3*g. What is the units digit of c?
0
Let b = 12 + 6. What is the tens digit of b?
1
Suppose 0 = 7*g - 8*g + 10. Suppose -g - 50 = -5*u. What is the units digit of u?
2
What is the units digit of 42*5/((-45)/(-12))?
6
Let i(m) = m**2 + 6*m + 1. Let a be i(-6). What is the units digit of (-6)/(a - (-8)/(-4))?
6
Let a(b) = 4*b - 3. Let x(q) = q**2 - 5*q + 4. Let t(j) = 5*a(j) + 4*x(j). What is the tens digit of t(2)?
1
Suppose -4*m - 129 = -7*m. What is the tens digit of m?
4
Let k = 32 + 9. What is the tens digit of k?
4
Let j(b) = b - 3. Let y be j(5). Suppose 3*f + 5 = -3*p - y*f, 27 = 3*p - 3*f. What is the units digit of p?
5
What is the units digit of 13 - 6/(6/(-3))?
6
Suppose -g = -j - 1, -j + 45 = 5*g + 4*j. Suppose -v = -3*u - 16 - 1, -g*u = 5*v + 15. What is the units digit of v?
2
Let q = -5 + 21. Let o be (-3)/6 + (-25)/10. What is the units digit of (-6)/(6/o) + q?
9
Let w = -2 + 4. Let f = 1 + w. What is the units digit of (-3)/9 - (-16)/f?
5
Let v = -17 + 59. Let s be 6/14 + (-325)/(-91). Suppose 5 = s*x + 17, -2*o + 4*x + v = 0. What is the tens digit of o?
1
Suppose -3*q + 21 = -6*q. Let h = q + 11. Let a = 12 - h. What is the units digit of a?
8
Suppose -1098 = -3*k - 6*k. What is the hundreds digit of k?
1
What is the tens digit of (1*1/(-3))/(2/(-150))?
2
Suppose -3*n + 336 = 5*h, 5*n + 4*h = 286 + 274. What is the tens digit of n?
1
Let t(w) = -6 + 1 + 0*w - w. Let j be t(-5). Suppose j*i = -5*r - 2*i + 36, -2*r = 2*i - 18. What is the units digit of r?
6
Suppose -184 = 19*s - 21*s. What is the tens digit of s?
9
Suppose 4*n - 5*j + 14 = 0, -3*n = -5*j - 2 + 15. Let p = n - 5. Let i(h) = -h**2 - 8*h - 2. What is the tens digit of i(p)?
1
Let h = 122 - -204. What is the units digit of h?
6
Suppose 351 = 3*k - 255. What is the tens digit of k?
0
Let b = 207 - 143. What is the units digit of b?
4
Let f be ((-6)/(-4))/(2/8). Let z(q) = q - 1. Let p be z(f). Suppose 0 = 5*a + s - 6*s - 40, -32 = -4*a - p*s. What is the units digit of a?
8
What is the tens digit of 183 + (-3)/(3/(-4))?
8
Let d = -11 + 15. Suppose -d*u + 26 = -3*u. What is the tens digit of u?
2
Let f be 2/(3 - (-530)/(-178)). Let k = f + -43. What is the units digit of k?
6
Suppose 2*q + n = -34, -q - 45 + 18 = -2*n. What is the units digit of (2 - -1)/(-1) - q?
6
Let k = 6 - 3. Suppose -b + k = -12. What is the tens digit of b?
1
Let u(a) = -2*a**3 - 6*a**2 - 6*a - 2. What is the hundreds digit of u(-6)?
2
Let a = 25 - 20. Suppose a*c = 7*c - 44. What is the tens digit of c?
2
Let b = -6 - -14. Let a = b + -3. What is the units digit of a?
5
Suppose -j + 3*w = -47, 6*j - 140 = j - 4*w. Suppose 0 = -4*c - 0*c + j. What is the units digit of c?
8
Suppose -383 = -4*o - p, 0*p + 72 = o + 5*p. Suppose -o = -3*r + 62. What is the tens digit of r?
5
Let w(s) = -18*s - 15. What is the units digit of w(-7)?
1
Let a(p) = 3*p + 4. What is the units digit of a(5)?
9
Suppose 8 + 13 = -2*d - 5*r, 0 = -d + 5*r + 27. What is the units digit of d?
2
Suppose -4*x = -5*h - 278, -5*h = -3*x - h + 209. What is the units digit of x?
7
Suppose -t = -3*x + 379, 2*x + 2*t = -2*t + 276. What is the hundreds digit of x?
1
Suppose i - 41 + 13 = 2*t, 5*t = -i. Let k(g) = 2*g**2 - 4*g - 8. Let d be k(4). What is the units digit of i/d*(-16)/(-10)?
4
Let x = 9 - 6. Suppose -18 = -x*h + 6. What is the units digit of h?
8
Let b be -4*(-3 + (-12)/(-8)). Let r = 30 - b. What is the tens digit of r?
2
Let k(z) = -21*z + 29. What is the tens digit of k(-10)?
3
Let r = 49 - 28. Let a = -9 + r. Suppose -a = -3*g + 9. What is the units digit of g?
7
Suppose 0*z + 2*v - 34 = -z, 82 = 3*z - 4*v. Suppose 3*t = z - 9. Suppose 0 = 5*r + 3*x - 63, t = r - 0*r - 5*x. What is the units digit of r?
2
Let u(q) = 2*q**3 + 1. Suppose 0 = 5*j - 2*c - 17, 5*j - 4*c + 6 = 3*j. Suppose -j*z + 20 = 5*d, -z = -2*d - 2*d + 1. What is the units digit of u(d)?
3
Let l = -10 - -3. Let r(o) = -o + 1. What is the units digit of r(l)?
8
Suppose 2*g + 10 = 2*v, 5*v + 3*g + 15 = -2*g. Suppose -3*a + 0*a + 30 = 0. Let d = a - v. What is the units digit of d?
9
Suppose 0 = -b + 3*b - 14. Suppose 462 = -10*g + b*g. What is the tens digit of 2/(-5) - g/10?
1
Suppose 0 = -h + 2. What is the units digit of (180/27)/(h/6)?
0
Let h(u) = -9*u**3 + u**2 - 1. Let s be h(-1). Suppose -l + 3*t + 12 = -s, 4*l + 3*t - 9 = 0. What is the units digit of l?
6
Let n(v) = 48*v - 6. What is the hundreds digit of n(6)?
2
Let z = 95 - 22. What is the tens digit of z?
7
Let u(w) be the second derivative of -4*w**3/3 + 5*w**2/2 - w. What is the units digit of u(-3)?
9
Suppose -p + 1 = -2*p - w, 2*p = w + 13. Let q = 11 - p. Let n = -1 + q. What is the units digit of n?
6
Let p = -69 + 149. What is the tens digit of p?
8
Let h(a) = -a**3 + 7*a**2 - 6*a + 7. What is the units digit of h(5)?
7
What is the units digit of (2 + -1)/(7/56)?
8
Let h be (-6)/(-4)*14/(-1). What is the tens digit of (h/28)/((-2)/64)?
2
Suppose -2*j - 6 = 5*q, 0 = 2*j + 3*q + q + 4. Suppose -3*l = j*l - 3*z - 38, 0 = -3*l + 3*z + 18. What is the tens digit of l?
1
Suppose -4*x = 8, 0 = -2*b - 3*b - 5*x - 90. Let j = 35 + b. What is the tens digit of j?
1
Let h(t) be the third derivative of -t**6/120 - t**5/10 - t**4/12 + t**3/3 - 2*t**2. Suppose 0 = -0*n + 2*n + 12. What is the units digit of h(n)?
4
Let p(h) = h**2 + 4*h - 6. Let u be p(-6). Let v = u - 3. Suppose 0 = v*z - 0*z - 3. What is the units digit of z?
1
Let d be -20*(-7)/((-140)/(-16)). What is the 